f 2*q**2 + 0*q - 1/30*q**5 + 1/2*q**3 + 0 + 1/8*q**4. Let s be (-6 - 0)*1 - -4. What is l(s)?
-11
Suppose -2*i + 3 = -5. Suppose -a = i*a + 25. Let o(z) = z + 8. Calculate o(a).
3
Let k(m) = -15*m**3 - m**2 - m. Let c(d) = d + 9. Let o be c(-10). Calculate k(o).
15
Suppose 2*k = -k. Let y be (2/(-6))/(2/(-7 + 1)). Let s(a) = 8 + y - 6 + a - 4. Determine s(k).
-1
Let m(s) = -8*s**3 - 9*s**2 - 2*s - 18. Let y(n) = -7*n**3 - 7*n**2 - 2*n - 16. Let q(j) = -6*m(j) + 7*y(j). Suppose 0*p = -2*p + 6. What is q(p)?
8
Let p(s) = 2*s**2 - s. Let t be p(-1). Let a(y) = -y**3 - 1 + y**2 + 5*y - 18*y**t - 4*y + 0. Suppose -3*m - 1 = -b, 2 = 2*b - 2*m - 2*m. Give a(b).
-18
Suppose 0 = 17*q - 15 + 15. Suppose -3*l - l - 12 = 0. Let w be 3 + l/(q - -3). Let n(h) = -2*h**2 - 2*h + 3. Give n(w).
-9
Let q be (-3)/(-6)*(11 - 1). Let p(s) = 3 - 3 + s + q*s**2 + 1 - s**3 - 6*s**2. Determine p(2).
-9
Let d = -2 - 4. Let u(n) be the second derivative of 4*n**2 + 7/6*n**3 - 38*n + 0 + 1/12*n**4. Calculate u(d).
2
Let r(a) = 109*a**2 - 5*a + 2 + 114*a**2 - 220*a**2 + a**3. Determine r(-4).
6
Suppose -2*a + 2*y - 10 = 3*a, -2*y - 6 = -a. Let c(x) = -7*x**2 + x - 8. Let b(s) = -44*s**2 + 7*s - 50. Let z(j) = 3*b(j) - 19*c(j). Determine z(a).
10
Let g = 362 + -352. Let f(i) = -i**3 + 9*i**2 + 12*i - 2. Give f(g).
18
Let u(l) be the second derivative of l**4/6 - 13*l**3/6 + 2*l**2 - 56*l. Let v be 4 + (3 - 0) + -1. Let j be u(v). Let b(h) = 2*h**2 + h - 2. Determine b(j).
4
Let l(h) = 65*h - 32*h - 32*h + 2. What is l(-4)?
-2
Let f be (6/2 + 1)/(50/100). Let s(u) = -7*u**2 + u**3 + f*u + 212 - 108 - 107. Determine s(6).
9
Let d(s) = -1. Let l(r) = -5*r + 5. Let m(u) = -5*d(u) - l(u). Suppose 27*o = 18 - 45. Determine m(o).
-5
Let r(p) be the third derivative of p**6/360 + 3*p**5/40 + p**4/12 + 17*p**2. Let y(q) be the second derivative of r(q). Determine y(-6).
-3
Let f(p) be the first derivative of 16*p - 1/2*p**2 + 26. Give f(0).
16
Let w(u) = -u**2 + u - 1. Let y(s) = 2*s**2 - 9*s + 2. Let d(f) = 4*w(f) + y(f). Suppose -87 = 4*q - 75. What is d(q)?
-5
Let s be 2/5 - (-382)/(-5). Let n be 10*(-3 + s/(-20)). Let k(q) = 7 + q - n + 7 + 4. Determine k(-5).
5
Let p(l) = l**3 - 16*l**2 + 22. Let r be (-36)/(-81)*3*12. What is p(r)?
22
Let n(h) = 2*h - 28. Let b = 1025 - 1013. Determine n(b).
-4
Let k(b) = 2*b**2 - 5*b + 2. Let x(l) be the first derivative of -1 + l - 3*l**2 + 1/3*l**3. Let c(o) = -2*k(o) + 3*x(o). Determine c(-7).
6
Let i = 60 + -38. Suppose -y - 3 = -3*o, 2*y + 0*o + o = i. Let d(w) = -w + 13. Determine d(y).
4
Let z be ((-4)/12)/(2/(-24)). Suppose -d + z = d. Let v(c) = 0 + 3*c**d - 1 + 0. Calculate v(1).
2
Let s = -15 - -24. Let v(g) = -g - 24*g**3 - 10*g**2 + 25*g**3 + s - 9*g**2 + 7*g**2. Calculate v(12).
-3
Suppose 5*l - 5*a = 100, 3*l - a - 76 = -2*a. Let d(c) = 3*c**2 - 2*c**2 + c + l - 14. Give d(0).
10
Let x(d) be the third derivative of 0*d + 5/6*d**3 - 1/6*d**4 + 0 + 1/60*d**5 - 29*d**2. Determine x(5).
10
Suppose -5*y - 5 = 10. Let q(s) = 2*s + 7. Let r be q(y). Let x(n) = -8*n**3 + 2*n**2 - 1. Calculate x(r).
-7
Let k(g) be the second derivative of -g**3/6 + 2*g**2 + 332*g. Determine k(-5).
9
Suppose -5*p - 28 = -t, 0 = -t - p + 4*p + 18. Let h be (-30)/20*20/(-6). Let w(g) = 2*g**2 - 3 - h*g + 6*g + 4 - g**2 - 5*g**t. Give w(-1).
6
Let t(f) = 24*f + 15. Let g(s) = 43*s + 27. Let q(i) = 5*g(i) - 9*t(i). Suppose 0 = w - 2*d - 0*d + 13, d = 2. What is q(w)?
9
Let p(r) = -2*r + 5. Let h(g) = g**2 - 4*g - 16. Let x be h(7). Suppose x*o + 14 = -6. Determine p(o).
13
Suppose -39 + 15 = -4*s. Suppose s*x = x. Let b(g) = -g**3 + g**2 + g - 10. Calculate b(x).
-10
Let i(x) = -2*x + 2. Let c be (-471)/314*4/(3 + -1). Determine i(c).
8
Suppose 1 = 2*b + 13. Let q(s) be the first derivative of -s**2 + s - 22. Give q(b).
13
Let y(j) be the second derivative of -j**5/20 - 2*j**4/3 - 5*j**3/6 + 15*j**2/2 - 35*j + 7. Give y(-7).
1
Let p(v) = -v**2 - v - 2. Let f(z) = z**3 - z**2 - 4*z + 4. Suppose -2*g - 2*w = 14 + 28, 4*g + 84 = 3*w. Let n = 23 + g. Let r be f(n). Give p(r).
-2
Let w(q) = -2*q**2 - 2*q + 1. Let i be ((-13)/39)/(1/6). Give w(i).
-3
Let l(g) = -g**3 + 4*g**2 - g - 3. Let k be l(3). Let u = -23 - -25. Let n(x) = -3*x - 4*x**2 - x**2 - 2 + 6*x**u. What is n(k)?
-2
Let t(v) = 2*v + 5. Let z(k) = -k - 2. Let g(q) = -2*t(q) - 5*z(q). Suppose p = -p - 2. Let f be 6/(-2) - (-7 - p). What is g(f)?
3
Let x(z) = 446*z + 456*z - 904*z + 12. What is x(8)?
-4
Let b(a) = a**3 - 4*a**2 + a - 2. Suppose 2*l - 24 = -2*v, -l - 50 = -6*l - 3*v. Suppose s - 10 = -l. Calculate b(s).
-8
Let c(r) = -2*r - 19. Let x(v) = v + 14. Let t(m) = -3*c(m) - 5*x(m). Let i(p) = -p**3 + p**2 - p + 6. Let y be i(0). What is t(y)?
-7
Let b(j) = -j**3 + 2*j + 3. Let r be b(-2). Let w(l) = 2*l**2 - 4*l. Let i(x) = -2*x**2 + 3*x. Let q(z) = r*i(z) + 6*w(z). Calculate q(-4).
-20
Let u(w) = -w**3 - 5*w**2 + w - 5. Let q(v) = -v**3 - 12*v**2 - 10*v + 16. Let x be q(-11). Suppose 0 = 4*s + 2*p + 30, -x*s + p + 5 - 25 = 0. Give u(s).
-10
Let u(r) = -20*r**2 - 7 + 18*r**2 + r**2. Determine u(0).
-7
Let d be 3/(6/(-4)) - 6. Let f(t) = 671*t**2 + 673*t**2 - t**3 - 7*t + 3 - 1 - 1353*t**2. Determine f(d).
-6
Let c(i) = -596 + i**2 + 1801 - i - 616 - 607. Calculate c(0).
-18
Let t(y) = 5*y + 2. Suppose a + 4 = 2*a. Let s(m) = 2*m + 5*m**3 + a*m**2 - 1 - 5*m + m - 6*m**3. Let j be s(3). Give t(j).
12
Let c(v) = v**2 + 3*v - 3. Let q be c(-3). Let p be q/(-2) + 30/(-4). Let l(g) = -2*g - 5. Let n(o) = 10*o + 26. Let a(m) = 14*l(m) + 3*n(m). What is a(p)?
-4
Let x(y) = y + 2. Let g(b) = b**2 - 3*b - 6. Let t(w) = -6*g(w) - 17*x(w). Let l be t(-1). Let n(p) = -p**3 - 6*p**2 - 6*p - 7. What is n(l)?
-2
Let c = 4 + -9. Let j(l) = 4*l**2 - 5. Let y(a) = 7*a**2 - 10. Let s(u) = -5*j(u) + 3*y(u). Determine s(c).
20
Let f be (21/(-7) - -2) + -1. Let i be (-20)/3*(-6)/5. Let h be f/i*-4*-6. Let b(m) = -m - 13. What is b(h)?
-7
Let k(q) be the second derivative of -1/3*q**3 + 0 + 18*q + 1/12*q**4 - 1/2*q**2. Suppose -2*a - 12 = -5*u + 7, a = -4*u + 10. Give k(u).
2
Let v(f) = -f + 8. Let m = 55 + -69. Let d(a) = -a**3 - 15*a**2 - 11*a + 36. Let l be d(m). Give v(l).
14
Let k be (((-741)/26)/19)/((-3)/4). Let v(j) = -1 - 1 + 0 + 2*j. What is v(k)?
2
Suppose -14*x - 26 = -40*x. Let c(l) be the third derivative of l**6/40 - l**5/30 + l**4/24 - l**2. Calculate c(x).
2
Let b(v) = -11*v**3 + 3*v**2 + 12*v + 2. Let i(p) = 5*p**3 - p**2 - 6*p - 1. Let c(o) = -4*b(o) - 9*i(o). Let f be 34/(-8) + 5/20. Calculate c(f).
-7
Let q = 1 + 0. Let w(m) = -m - 2. Let b be w(-7). Let r(d) = q + 7*d - b*d - 2. What is r(4)?
7
Let s(u) = -u + 5. Suppose 0 = 5*w - 10*w + 185. Let d = -30 + w. Calculate s(d).
-2
Suppose -y + l - 5 = -3, 1 = -5*y + 2*l. Let v(u) = y + 5*u + 1 - u**2 + 3. What is v(6)?
-1
Let o be (-4)/(-6)*(7 + -4). Suppose 2 = -z + 2*z. Let w(a) = -2*a + 0*a**3 + 0*a**2 + 3*a**2 + a**3 - 1 - a**z. What is w(o)?
11
Let n(b) = 216*b + b**2 - 221*b - 1 + 3. Calculate n(6).
8
Let i(c) be the first derivative of -c**4/4 - 11*c + 29. Let k = -13 - -13. Give i(k).
-11
Let x(s) = s**3 + 3*s**2 + 8*s + 5. Let v(c) = c**3 + 4*c**2 + 7*c + 6. Let t(d) = 4*v(d) - 3*x(d). Give t(-7).
-19
Let l(x) = 17 - 11 - 8*x + 0*x + x**2. Calculate l(4).
-10
Suppose -6*l + 2*l = -124. Let b = l + -29. Let d(q) = -3 + b*q + 0*q - 2*q + q. Calculate d(5).
2
Let f = -2 + -2. Let z = -26 - -30. Let x(b) = -3*b + z*b + b - 4*b. Give x(f).
8
Let k(u) = -u**3 + 4*u**2 + u - 3. Let n be k(4). Suppose 0 = 4*s - 8 - 12. Let v(t) = t + s*t - 14*t - 1. Determine v(n).
-9
Let n(p) = -p**2 - 8*p + 3. Suppose -15 = -3*j, -4*k + 26 + 167 = j. Suppose 4*l - k = -67. Determine n(l).
18
Let p(c) be the first derivative of 2*c**2 - 11*c - 98. What is p(8)?
21
Let q(p) = -7*p + 5. Let u(m) = 13*m - 9. Let l(h) = -7*q(h) - 4*u(h). Suppose -7*n = -8*n - 15. Let v(g) = 2*g**2 + 32*g + 31. Let y be v(n). Give l(y).
-2
Let f(z) = -z - 4. Let j(y) = -9*y + 45. Let a be j(6). Determine f(a).
5
Suppose x - 3*s + 11 = 0, -4*x - x + 2*s - 29 = 0. Let u(i) be the second derivative of 0 - 2*i**2 + 1/6*i**3 + i. Determine u(x).
-9
Let y be ((-3)/2)/((-33)/(-88)) - -3. Suppose -5*w - 12 - 8 = 0. Let p(a) = 5*a - 3. Let d(l) = -l - 1. Let o(i) = w*d(i) + y*p(i). Give o(